s 389190270 a multiple of 184?
False
Does 5 divide 2286400?
True
Does 45 divide 206452602?
False
Is 1514528016 a multiple of 16?
True
Is 2081 a factor of 1281943239?
False
Is 2107532 a multiple of 64?
False
Is 2468063 a multiple of 52?
False
Is 16831946 a multiple of 9?
False
Does 14 divide 202334921?
False
Is 4 a factor of 3314031?
False
Does 2662 divide 770672577?
False
Does 104 divide 40759680?
True
Is 133 a factor of 4531524?
False
Does 15 divide 7383750?
True
Is 2074550988 a multiple of 213?
True
Does 5 divide 78652580?
True
Is 20 a factor of 78006560?
True
Is 3625 a factor of 1638900005?
False
Is 151 a factor of 65856536?
True
Is 85 a factor of 6979155?
False
Is 10217510 a multiple of 34?
True
Is 5883137 a multiple of 381?
False
Is 1551 a factor of 1693461016?
False
Is 1663 a factor of 210717067?
True
Is 23 a factor of 1099905582?
False
Does 11 divide 4300604?
True
Does 29 divide 74575580?
False
Is 1557 a factor of 188209094?
False
Does 30 divide 66193950?
True
Is 357 a factor of 70379536?
False
Does 548 divide 67113625?
False
Is 215619901 a multiple of 2429?
True
Does 150 divide 1632167400?
True
Does 12 divide 1534268215?
False
Is 26 a factor of 100789826?
False
Is 603766800 a multiple of 4446?
True
Is 807 a factor of 42942891?
True
Is 20402280 a multiple of 180?
True
Is 14 a factor of 370717268?
False
Is 113454863 a multiple of 440?
False
Is 8 a factor of 1890032?
True
Is 334527495 a multiple of 477?
False
Is 2240 a factor of 91605959?
False
Does 271 divide 2192791351?
True
Is 611059106 a multiple of 14?
True
Does 20 divide 3739531910?
False
Does 421 divide 9772122?
False
Does 11 divide 497995844?
False
Does 4906 divide 3321747985?
False
Is 70 a factor of 163633259?
False
Does 3 divide 249563502?
True
Does 525 divide 30280275?
False
Is 355 a factor of 32446645?
True
Is 1507 a factor of 180906441?
False
Is 1041726061 a multiple of 79?
False
Is 1544166898 a multiple of 38?
True
Is 53936397 a multiple of 726?
False
Is 155 a factor of 2232310?
True
Is 10 a factor of 468334712?
False
Is 85 a factor of 2289111890?
False
Is 757 a factor of 81982930?
False
Is 81 a factor of 252534039?
False
Does 170 divide 89784343?
False
Does 615 divide 14516460?
True
Does 608 divide 91968257?
False
Does 42 divide 2618205818?
False
Does 116 divide 1621603089?
False
Is 698731996 a multiple of 11?
False
Does 229 divide 882491350?
False
Is 410760 a multiple of 420?
True
Is 29 a factor of 9390925?
True
Is 2048398624 a multiple of 38?
False
Does 252 divide 76217400?
True
Is 320683500 a multiple of 180?
True
Is 389383064 a multiple of 8?
True
Is 235767671 a multiple of 11?
False
Is 46925310 a multiple of 3202?
True
Does 31 divide 337090242?
False
Is 2854640672 a multiple of 6368?
True
Is 182 a factor of 39408087?
False
Does 2154 divide 134306208?
True
Is 169 a factor of 9585849?
True
Is 581904907 a multiple of 1107?
False
Is 82392542 a multiple of 16?
False
Is 181 a factor of 7221605?
False
Is 370 a factor of 98943064?
False
Is 9 a factor of 25043410?
False
Is 190 a factor of 41546730?
True
Does 161 divide 1300466938?
False
Is 887 a factor of 4253962?
False
Is 89281231 a multiple of 512?
False
Is 1770922929 a multiple of 289?
True
Is 5539223657 a multiple of 17?
False
Is 130 a factor of 669382026?
False
Is 73467218 a multiple of 97?
True
Does 4060 divide 1737740900?
True
Does 1045 divide 130464070?
True
Is 2184 a factor of 45562608?
True
Is 3056315 a multiple of 934?
False
Is 1907431946 a multiple of 12?
False
Is 150 a factor of 8405617?
False
Does 108 divide 220151120?
False
Is 481021135 a multiple of 12?
False
Is 63 a factor of 49872564?
True
Does 853 divide 8130739?
False
Is 1097138878 a multiple of 11?
True
Does 21 divide 1150243710?
True
Is 1823 a factor of 142328106?
False
Does 235 divide 1103002911?
False
Does 46 divide 2661008?
True
Is 16 a factor of 112007043?
False
Is 22 a factor of 50547874?
False
Does 7 divide 606320603?
True
Is 26 a factor of 216503991?
False
Does 12 divide 13048464?
True
Is 15 a factor of 124780125?
True
Is 33 a factor of 43061758?
False
Does 131 divide 168083480?
True
Does 14 divide 1283789603?
False
Is 53150565 a multiple of 30?
False
Is 3990 a factor of 153675699?
False
Does 3 divide 147883704?
True
Does 53 divide 429932184?
True
Is 360 a factor of 396218262?
False
Is 15 a factor of 707505525?
True
Is 2371006 a multiple of 564?
False
Is 207428560 a multiple of 860?
True
Is 3338 a factor of 138723942?
True
Does 685 divide 58720940?
True
Is 534458096 a multiple of 206?
False
Is 104 a factor of 6062680?
True
Is 4780 a factor of 560341044?
False
Is 2255431 a multiple of 434?
False
Is 40 a factor of 18845569?
False
Is 575522688 a multiple of 52?
True
Does 217 divide 420871934?
True
Is 2265 a factor of 1336266195?
True
Is 56 a factor of 4556048?
True
Does 81 divide 1017441?
True
Is 127 a factor of 5706618?
True
Does 9 divide 19296936?
True
Is 2367 a factor of 1994043645?
True
Is 87599957 a multiple of 1482?
False
Does 3 divide 11153486?
False
Is 4846 a factor of 386019022?
False
Does 2152 divide 289258990?
False
Does 52 divide 184275312?
True
Is 119768105 a multiple of 4?
False
Is 64301254 a multiple of 271?
True
Is 100 a factor of 669587888?
False
Does 134 divide 210661654?
False
Is 57738603 a multiple of 9?
False
Does 54 divide 150385086?
True
Is 60 a factor of 14981196?
False
Is 4549087032 a multiple of 14?
True
Does 603 divide 241810908?
False
Is 3115728649 a multiple of 583?
True
Does 2574 divide 31814640?
True
Is 9 a factor of 23910354?
True
Is 10 a factor of 189184750?
True
Is 9 a factor of 116320077?
True
Does 1845 divide 79394040?
True
Does 6 divide 189451540?
False
Does 584 divide 757562332?
False
Is 252 a factor of 85414140?
True
Is 35 a factor of 101834145?
True
Does 44 divide 108237634?
False
Is 101 a factor of 8866891?
True
Is 10 a factor of 9071890?
True
Is 21 a factor of 371097983?
False
Does 1774 divide 293192321?
False
Is 1751871848 a multiple of 180?
False
Is 24674724 a multiple of 9?
True
Is 5346330 a multiple of 561?
True
Is 7163100 a multiple of 54?
True
Is 57 a factor of 29499381?
True
Does 5903 divide 737895108?
False
Does 164 divide 86756?
True
Is 307486086 a multiple of 186?
True
Is 7 a factor of 1108046737?
True
Is 47 a factor of 36810402?
False
Is 469 a factor of 1247062?
False
Is 1745 a factor of 533886267?
False
Does 129 divide 34808328?
True
Is 805382124 a multiple of 173?
True
Is 9557 a factor of 1736780064?
False
Does 4 divide 25355588?
True
Does 1051 divide 24604077?
False
Is 17 a factor of 511830?
False
Is 4 a factor of 40235?
False
Is 14 a factor of 8358852?
False
Is 129 a factor of 280611167?
False
Is 640 a factor of 748830050?
False
Does 30 divide 116347007?
False
Is 1561 a factor of 99490335?
True
Is 2049 a factor of 171583296?
False
Is 22011433 a multiple of 271?
True
Is 1512 a factor of 742481034?
False
Is 363603902 a multiple of 314?
False
Does 1047 divide 419623989?
True
Is 489 a factor of 93880176?
True
Is 33509318 a multiple of 89?
False
Does 337 divide 281382718?
False
Is 13220544 a multiple of 229?
False
Is 1242285219 a multiple of 21?
True
Does 301 divide 5060111?
True
Does 65 divide 8110895?
True
Is 61855354 a multiple of 19?
False
Is 1252319760 a multiple of 16?
True
Does 4794 divide 1323053968?
False
Does 109 divide 141376924?
True
Is 154470288 a multiple of 16?
True
Is 5 a factor of 80330135?
True
Is 17296875 a multiple of 225?
True
Does 299 divide 24913139?
False
Is 173 a factor of 4487793?
True
Is 1442916889 a multiple of 80?
False
Does 28 divide 59378931?
False
Is 3201 a factor of 3955334856?
True
Is 44572857 a multiple of 2579?
True
Does 993 divide 47204665?
False
Does 2342 divide 2010007272?
False
Is 262254720 a multiple of 2212?
True
Is 17 a factor of 44465368?
False
Does 3 divide 7463011?
False
Is 93280615 a multiple of 104?
False
Is 525985204 a multiple of 206?
False
Does 21 divide 2293059?
False
Is 275854964 a multiple of 44?
True
Does 14 divide 37545088?
True
Is 16 a factor of 3787737424?
True
Is 698 a factor of 49424092?
False
Is 2926623961 a multiple of 6170?
False
Is 43679640 a multiple of 717?
True
Is 28797088 a multiple of 2379?
False
Does 3379 divide 377018283?
False
Is 2043538147 a multiple of 20?
False
Does 1546 divide 633058525?
False
Is 2039664 a multiple of 12?